6791457 a prime number?
True
Is 5981390879 prime?
False
Is 4118224273 a prime number?
True
Is 1186187705 a composite number?
True
Is 2032171061 composite?
False
Is 216070199 a composite number?
False
Is 853821095 a prime number?
False
Is 1219274759 composite?
True
Is 2397441671 composite?
False
Is 18312916873 a prime number?
True
Is 3072792113 composite?
False
Is 2773233821 prime?
True
Is 24105767 a prime number?
False
Is 633246959 a composite number?
False
Is 3431537659 prime?
False
Is 11216755741 prime?
True
Is 14366933401 prime?
False
Is 2150105147 a composite number?
False
Is 106265839 prime?
True
Is 1271830723 prime?
True
Is 18932949017 a prime number?
False
Is 400882561 prime?
False
Is 3659850557 a prime number?
False
Is 33505328401 prime?
True
Is 11809276277 composite?
False
Is 345096347 prime?
False
Is 425328901 prime?
True
Is 45417884255 composite?
True
Is 6061360199 a prime number?
True
Is 1137877087 prime?
False
Is 1002865079 composite?
False
Is 9143037559 prime?
True
Is 1141380701 composite?
True
Is 3878745359 composite?
True
Is 19693163 composite?
True
Is 27068969 a composite number?
False
Is 982212299 prime?
False
Is 47605460917 composite?
True
Is 2921096819 a prime number?
False
Is 829674721 a prime number?
False
Is 6905949623 a prime number?
False
Is 712446475223 a composite number?
True
Is 3886312733 composite?
True
Is 368717849 a composite number?
False
Is 900446003 a composite number?
True
Is 4610848717 composite?
False
Is 229738447 composite?
True
Is 1667522321 a prime number?
True
Is 647806066 prime?
False
Is 415528367 composite?
True
Is 37824733 composite?
True
Is 13362569027 composite?
True
Is 16106598491 a composite number?
False
Is 38013912787 a prime number?
True
Is 125632811 a composite number?
False
Is 1581411929 composite?
True
Is 88702491203 a composite number?
True
Is 517165717 composite?
True
Is 497263763 a composite number?
True
Is 49403805811 a prime number?
False
Is 2279603129 prime?
True
Is 814860409 a composite number?
True
Is 8541186949 a composite number?
True
Is 3224285 a prime number?
False
Is 4784630251 a prime number?
False
Is 5715025681 a prime number?
True
Is 2116704797 composite?
True
Is 850800211 composite?
False
Is 5574979421 composite?
True
Is 69992801 a composite number?
True
Is 136281068837 composite?
True
Is 3016762061 a prime number?
False
Is 24291508789 a composite number?
True
Is 3237171989 a prime number?
True
Is 5536221683 prime?
False
Is 1668339977 prime?
False
Is 258771697 composite?
True
Is 26179947467 a composite number?
True
Is 2304518297 prime?
True
Is 1075817131 prime?
False
Is 939072581 a composite number?
False
Is 357527899 composite?
False
Is 960634819 composite?
False
Is 402931247 a composite number?
False
Is 9941437829 composite?
True
Is 18884078105 composite?
True
Is 43266347669 a composite number?
False
Is 13747482373 composite?
True
Is 482387431 a composite number?
True
Is 8823966199 a composite number?
False
Is 1347636761 a prime number?
False
Is 4056646453 composite?
True
Is 155172071 prime?
True
Is 9692273273 a composite number?
True
Is 438047819 a composite number?
True
Is 5254353673 composite?
True
Is 155138631967 a composite number?
True
Is 12091263749 composite?
False
Is 98661779 a composite number?
True
Is 1198584683 prime?
True
Is 1283975029 a composite number?
True
Is 190127761 prime?
True
Is 9383155127 prime?
True
Is 4085000009 prime?
True
Is 730805039 a composite number?
False
Is 29448269203 a composite number?
False
Is 24786846031 prime?
True
Is 4551061997 a prime number?
True
Is 212898611 prime?
False
Is 12458508857 a prime number?
True
Is 1084433789 a prime number?
True
Is 402337337 composite?
False
Is 5112131551 prime?
False
Is 2597608949 a composite number?
True
Is 60098992457 a composite number?
True
Is 1341114983 prime?
False
Is 18996449419 composite?
False
Is 13740717019 a prime number?
True
Is 5838821383 a prime number?
True
Is 43222011571 composite?
True
Is 188211071 composite?
False
Is 1605988199 a prime number?
True
Is 4182414143 composite?
True
Is 49443864247 a prime number?
False
Is 7753409 a composite number?
False
Is 25830017 a prime number?
True
Is 1603253039 composite?
False
Is 604173551 a prime number?
True
Is 29735960273 a composite number?
False
Is 3134038731 composite?
True
Is 37496920333 a prime number?
False
Is 659303158 composite?
True
Is 2551431121 prime?
True
Is 44627166001 a prime number?
False
Is 868297231 a composite number?
False
Is 10532514467 composite?
False
Is 3887458061 a prime number?
True
Is 272006353 prime?
True
Is 27672221749 a composite number?
True
Is 17408741309 composite?
True
Is 6345333671 a composite number?
False
Is 40896229453 a prime number?
True
Is 274520124029 a composite number?
False
Is 22759230853 a prime number?
False
Is 791851117 composite?
False
Is 12838455727 a composite number?
False
Is 1388691237 composite?
True
Is 316226101 a composite number?
True
Is 28911272053 a prime number?
True
Is 7271722837 prime?
True
Is 159251387231 a prime number?
False
Is 1592808769 prime?
False
Is 864538061 a prime number?
True
Is 9914410427 a prime number?
False
Is 4479345173 prime?
False
Is 230572369 a composite number?
False
Is 50432259061 composite?
False
Is 703872313 composite?
False
Is 96071119 a composite number?
True
Is 8725309939 a composite number?
True
Is 35607144301 composite?
True
Is 31801322171 a prime number?
True
Is 287072519 composite?
False
Is 6524420417 a composite number?
True
Is 11447513806 a prime number?
False
Is 7869481549 composite?
True
Is 1175085733 a composite number?
False
Is 10742807 a composite number?
False
Is 275915909 a composite number?
False
Is 4090649509 prime?
False
Is 2244643241 a prime number?
True
Is 8727508049 composite?
True
Is 23422638331 a composite number?
True
Is 12047549341 prime?
False
Is 10121631991 a composite number?
False
Is 1516771 prime?
True
Is 3218032379 a composite number?
False
Is 289772071 composite?
True
Is 3198605917 composite?
True
Is 7912038179 prime?
False
Is 63878998933 a composite number?
True
Is 430087111 a composite number?
False
Is 186303011 a composite number?
False
Is 184151299 composite?
True
Is 29154887759 a prime number?
False
Is 6738709057 a composite number?
False
Is 1201706941 prime?
False
Is 17377067867 a prime number?
False
Is 2320555359 composite?
True
Is 759136769 composite?
False
Is 20060213 prime?
True
Is 153104551 a prime number?
True
Is 274598549 prime?
False
Is 15530250301 a composite number?
True
Is 2847737323 a composite number?
True
Is 63326556779 a prime number?
True
Is 313365683 a composite number?
False
Is 53239962143 prime?
False
Is 2695304317 a composite number?
False
Is 10406345759 a composite number?
False
Is 16992210119 a prime number?
True
Is 702060713 prime?
False
Is 2741331701 a composite number?
False
Is 404535793 prime?
False
Is 206920078 composite?
True
Is 79797989023 a composite number?
False
Is 90911877281 a prime number?
True
Is 8922727139 composite?
False
Is 13586628037 a composite number?
True
Is 3792534739 a composite number?
True
Is 29555475139 composite?
False
Is 1154021731 composite?
False
Is 166228382861 composite?
True
Is 53268602773 prime?
False
Is 2151785722 prime?
False
Is 360024377 a composite number?
True
Is 1484009479 composite?
True
Is 3144363553 prime?
True
Is 887549281 a composite number?
True
Is 761308903 a composite number?
True
Is 50939407 a prime number?
True
Is 223129864489 a composite number?
True
Is 5124140947 composite?
False
Is 22168996693 a composite number?
True
Is 717061551 a prime number?
False
Is 13289844266 a composite number?
True
Is 3453886759 a prime number?
False
Is 1111099 prime?
False
Is 420523027 a prime number?
False
Is 1060523413 a prime number?
False
Is 3926218271 prime?
True
Is 1016268167 a composite number?
True
Is 2302702771 composite?
False
Is 51482507 prime?
True
Is 408935771 a prime number?
False
Is 6321743179 a composite number?
True
Is 39252138209 composite?
True
Is 40767677869 a composite number?
True
Is 10721481299 prime?
False
Is 273508309 a composite number?
True
Is 47856355405 a prime number?
False
Is 4958352899 a prime number?
True
Is 81875133271 prime?
True
Is 1420327783 prime?
False
Is 855332077 a prime number?
True
Is 185823487 prime?
True
Is 781163477 co